{"id":1530,"date":"2022-05-26T08:11:34","date_gmt":"2022-05-26T08:11:34","guid":{"rendered":"https:\/\/wp.themerange.net\/montro\/?page_id=1530"},"modified":"2025-10-02T14:52:08","modified_gmt":"2025-10-02T14:52:08","slug":"about-us","status":"publish","type":"page","link":"https:\/\/cndesge.org\/?page_id=1530","title":{"rendered":"ACERCA DE"},"content":{"rendered":"\t\t<div data-elementor-type=\"wp-page\" data-elementor-id=\"1530\" class=\"elementor elementor-1530\">\n\t\t\t\t\t\t<section class=\"elementor-section elementor-top-section elementor-element elementor-element-32974ee elementor-section-full_width elementor-section-height-default elementor-section-height-default\" data-id=\"32974ee\" data-element_type=\"section\" data-e-type=\"section\">\n\t\t\t\t\t\t<div class=\"elementor-container elementor-column-gap-default\">\n\t\t\t\t\t<div class=\"elementor-column elementor-col-100 elementor-top-column elementor-element elementor-element-93af736\" data-id=\"93af736\" data-element_type=\"column\" data-e-type=\"column\">\n\t\t\t<div class=\"elementor-widget-wrap elementor-element-populated\">\n\t\t\t\t\t\t<div class=\"elementor-element elementor-element-1ba8c9e e-transform elementor-invisible elementor-widget elementor-widget-montro_about_us_v3\" data-id=\"1ba8c9e\" data-element_type=\"widget\" data-e-type=\"widget\" data-settings=\"{&quot;_animation&quot;:&quot;fadeInUp&quot;,&quot;_transform_scale_effect&quot;:{&quot;unit&quot;:&quot;px&quot;,&quot;size&quot;:&quot;&quot;,&quot;sizes&quot;:[]},&quot;_transform_scale_effect_tablet&quot;:{&quot;unit&quot;:&quot;px&quot;,&quot;size&quot;:&quot;&quot;,&quot;sizes&quot;:[]},&quot;_transform_scale_effect_mobile&quot;:{&quot;unit&quot;:&quot;px&quot;,&quot;size&quot;:&quot;&quot;,&quot;sizes&quot;:[]}}\" data-widget_type=\"montro_about_us_v3.default\">\n\t\t\t\t<div class=\"elementor-widget-container\">\n\t\t\t\t\t        \r\n        <!-- About Section Two -->\r\n        <section class=\"about-section-two\">\r\n                        <div class=\"auto-container\">\r\n                <div class=\"row clearfix\">\r\n                \r\n                    <!-- Content Column -->\r\n                    <div class=\"content-column col-lg-6 col-md-12 col-sm-12\">\r\n                        <div class=\"inner-column\">\r\n                            <!-- Sec Title -->\r\n                            <div class=\"sec-title\">\r\n                            \t                                <div class=\"title\"><span class=\"separator\"><\/span>CONOCE M\u00c1S SOBRE EL<\/div>\r\n                                                                <h2>CONSEJO NACIONAL PARA EL DESARROLLO ECON\u00d3MICO Y SOCIAL.<\/h2>\r\n                                <div class=\"text\">Es el \u00f3rgano t\u00e9cnico-consultivo sobre los planes y programas econ\u00f3micos y sociales, as\u00ed como toda disposici\u00f3n legislativa o reglamentaria con car\u00e1cter fiscal; puede asimismo proceder en base a una econom\u00eda de mercado, al an\u00e1lisis de los problemas de desarrollo de Guinea Ecuatorial.\n\nEmite su criterio y somete sus conclusiones sobre todas las cuestiones relacionadas a las materias que han sido puestas a su estudio por el Presidente de la C\u00e1mara de los Diputados, el Senado y otros \u00f3rganos de la Administraci\u00f3n del Estado.<\/div>\r\n                            <\/div>\r\n                            <div class=\"bold-text\"><\/div>\r\n                            \r\n                                                        \r\n                            <div class=\"author-box\">\r\n                                <div class=\"box-inner\">\r\n                                \t                                    \r\n                                                                    <\/div>\r\n                            <\/div>\r\n                        <\/div>\r\n                    <\/div>\r\n                    \r\n                    <!-- Images Column -->\r\n                    <div class=\"images-column col-lg-6 col-md-12 col-sm-12\">\r\n                        <div class=\"inner-column\">\r\n                        \t                            <div class=\"image\">\r\n                                <img decoding=\"async\" src=\"https:\/\/cndesge.org\/wp-content\/uploads\/2025\/04\/IMG_0077-scaled-e1754920917954.jpg\" alt=\"Top Image\" \/>\r\n                            <\/div>\r\n                                                        <div class=\"image-two\">\r\n                            \t                                \r\n                                                            <\/div>\r\n                            <div class=\"text\">\r\n                                                            <\/div>\r\n                        <\/div>\r\n                    <\/div>\r\n                    \r\n                <\/div>\r\n            <\/div>\r\n        <\/section>\r\n        <!-- End About Section Two -->\r\n        \r\n        \t\t\t\t<\/div>\n\t\t\t\t<\/div>\n\t\t\t\t\t<\/div>\n\t\t<\/div>\n\t\t\t\t\t<\/div>\n\t\t<\/section>\n\t\t\t\t<section class=\"elementor-section elementor-top-section elementor-element elementor-element-9c650a4 elementor-section-full_width elementor-section-height-default elementor-section-height-default\" data-id=\"9c650a4\" data-element_type=\"section\" data-e-type=\"section\">\n\t\t\t\t\t\t<div class=\"elementor-container elementor-column-gap-default\">\n\t\t\t\t\t<div class=\"elementor-column elementor-col-100 elementor-top-column elementor-element elementor-element-d99a9c6\" data-id=\"d99a9c6\" data-element_type=\"column\" data-e-type=\"column\">\n\t\t\t<div class=\"elementor-widget-wrap elementor-element-populated\">\n\t\t\t\t\t\t<div class=\"elementor-element elementor-element-8bd56d1 elementor-widget elementor-widget-montro_working_process\" data-id=\"8bd56d1\" data-element_type=\"widget\" data-e-type=\"widget\" data-widget_type=\"montro_working_process.default\">\n\t\t\t\t<div class=\"elementor-widget-container\">\n\t\t\t\t\t        \r\n        <!-- Process Section -->\r\n        <section class=\"process-section\" >\r\n        \r\n        \t            \r\n            <div class=\"auto-container\">\r\n                <!-- Sec Title -->\r\n                <div class=\"sec-title centered\">\r\n                \t                    <div class=\"title\"><span class=\"separator\"><\/span>SECTORES <span class=\"separator-two\"><\/span><\/div>\r\n                                        <h2><\/h2>\r\n                <\/div>\r\n                <div class=\"row clearfix\">\r\n                \t                    <!-- Process Block -->\r\n                    <div class=\"process-block col-lg-4 col-md-6 col-sm-12\">\r\n                        <div class=\"inner-box wow flipInY\" data-wow-delay=\"0ms\" data-wow-duration=\"1500ms\">\r\n                            <div class=\"process-number\">01<\/div>\r\n                            <div class=\"color-layer\"><\/div>\r\n                            <div class=\"color-layer-two\"><\/div>\r\n                            \r\n                                                        <div class=\"icon flaticon-industrial-robot\"><\/div>\r\n                                                        \r\n                            <h5>Sector industrial <\/h5>\r\n                        <\/div>\r\n                    <\/div>\r\n                                        <!-- Process Block -->\r\n                    <div class=\"process-block col-lg-4 col-md-6 col-sm-12\">\r\n                        <div class=\"inner-box wow flipInY\" data-wow-delay=\"0ms\" data-wow-duration=\"1500ms\">\r\n                            <div class=\"process-number\">02<\/div>\r\n                            <div class=\"color-layer\"><\/div>\r\n                            <div class=\"color-layer-two\"><\/div>\r\n                            \r\n                                                        <div class=\"icon flaticon-money\"><\/div>\r\n                                                        \r\n                            <h5>Sector econ\u00f3mico<\/h5>\r\n                        <\/div>\r\n                    <\/div>\r\n                                        <!-- Process Block -->\r\n                    <div class=\"process-block col-lg-4 col-md-6 col-sm-12\">\r\n                        <div class=\"inner-box wow flipInY\" data-wow-delay=\"0ms\" data-wow-duration=\"1500ms\">\r\n                            <div class=\"process-number\">03<\/div>\r\n                            <div class=\"color-layer\"><\/div>\r\n                            <div class=\"color-layer-two\"><\/div>\r\n                            \r\n                                                        <div class=\"icon flaticon-project-management\"><\/div>\r\n                                                        \r\n                            <h5>Sector social<\/h5>\r\n                        <\/div>\r\n                    <\/div>\r\n                                    <\/div>\r\n                <div class=\"sec-title centered\">\r\n                    <div class=\"text\">El Consejo Nacional tiene a cargo emitir y analizar las diferentes \u00e1reas de diversificaci\u00f3n econ\u00f3mica nacional.<\/div>\r\n                                        <a href=\"https:\/\/cndesge.org\/services\/\" class=\"btn-style-four theme-btn\"><span class=\"txt\">Ver m\u00e1s sectores<\/span><\/a>\r\n                                    <\/div>\r\n            <\/div>\r\n        <\/section>\r\n        <!-- End Process Section -->\r\n        \r\n        \t\t\t\t<\/div>\n\t\t\t\t<\/div>\n\t\t\t\t\t<\/div>\n\t\t<\/div>\n\t\t\t\t\t<\/div>\n\t\t<\/section>\n\t\t\t\t<section class=\"elementor-section elementor-top-section elementor-element elementor-element-1d91f4f elementor-section-full_width elementor-section-height-default elementor-section-height-default\" data-id=\"1d91f4f\" data-element_type=\"section\" data-e-type=\"section\">\n\t\t\t\t\t\t<div class=\"elementor-container elementor-column-gap-default\">\n\t\t\t\t\t<div class=\"elementor-column elementor-col-100 elementor-top-column elementor-element elementor-element-036acf7\" data-id=\"036acf7\" data-element_type=\"column\" data-e-type=\"column\">\n\t\t\t<div class=\"elementor-widget-wrap elementor-element-populated\">\n\t\t\t\t\t\t<div class=\"elementor-element elementor-element-49a8690 elementor-widget elementor-widget-montro_why_choose_us\" data-id=\"49a8690\" data-element_type=\"widget\" data-e-type=\"widget\" data-widget_type=\"montro_why_choose_us.default\">\n\t\t\t\t<div class=\"elementor-widget-container\">\n\t\t\t\t\t        \r\n        <!-- Choose Section -->\r\n        <section class=\"choose-section\">\r\n            <div class=\"auto-container\">\r\n                <div class=\"row clearfix\">\r\n                    <!-- Image Column -->\r\n                    <div class=\"image-column col-lg-6 col-md-12 col-sm-12\">\r\n                        <div class=\"inner-column\">\r\n                                                        <div class=\"pattern-layer-one\" style=\"background-image:url(https:\/\/cndesge.org\/wp-content\/themes\/montro\/assets\/images\/background\/pattern-16.png)\"><\/div>\r\n\t\t\t\t\t\t\t                            <div class=\"image\">\r\n                            \t                                <img decoding=\"async\" src=\"https:\/\/cndesge.org\/wp-content\/uploads\/2025\/03\/LOGO-CNDES.pdf.zip-1-e1743090332798.png\" alt=\"Signature\" \/>\r\n                                                                \r\n                                                                <div class=\"award-box\">\r\n                                    <div class=\"inner-box\">\r\n                                    \t                                        \r\n                                                                            <\/div>\r\n                                <\/div>\r\n                                                            <\/div>\r\n                        <\/div>\r\n                    <\/div>\r\n                    <!-- Content Column -->\r\n                    <div class=\"content-column col-lg-6 col-md-12 col-sm-12\">\r\n                        <div class=\"inner-column\">\r\n                            <!-- Sec Title -->\r\n                            <div class=\"sec-title\">\r\n                            \t                                <div class=\"title\"><span class=\"separator\"><\/span>CU\u00c1LES SON LAS<\/div>\r\n                                                                <h2>FUNCIONES DEL CONSEJO<\/h2>\r\n                                <div class=\"text\">Emitir dictamen con car\u00e1cter\npreceptivo sobre:<\/div>\r\n                            <\/div>\r\n                            <div class=\"blocks-outer\">\r\n                            \t                                <!-- Choose Block -->\r\n                                <div class=\"choose-block\">\r\n                                    <div class=\"inner-box\">\r\n                                                                                <div class=\"icon fa fa-newspaper-o\"><\/div>\r\n                                                                                \r\n                                        <h5>Anteproyectos de Leyes que regulen materias econ\u00f3micas, socio-laborales, y\nmedioambientales, exceptuando el anteproyecto de Ley de Presupuestos Generales del Estado.<\/h5>\r\n                                        <div class=\"block-text\"><\/div>\r\n                                    <\/div>\r\n                                <\/div>\r\n                                                                <!-- Choose Block -->\r\n                                <div class=\"choose-block\">\r\n                                    <div class=\"inner-box\">\r\n                                                                                <div class=\"icon flaticon-law\"><\/div>\r\n                                                                                \r\n                                        <h5>Cualquier otro asunto que, por precepto expreso de una Ley, haya que consultar al Consejo.<\/h5>\r\n                                        <div class=\"block-text\"><\/div>\r\n                                    <\/div>\r\n                                <\/div>\r\n                                                            <\/div>\r\n                        <\/div>\r\n                    <\/div>\r\n                <\/div>\r\n            <\/div>\r\n        <\/section>\r\n        <!-- End Choose Section -->\r\n        \r\n        \t\t\t\t<\/div>\n\t\t\t\t<\/div>\n\t\t\t\t\t<\/div>\n\t\t<\/div>\n\t\t\t\t\t<\/div>\n\t\t<\/section>\n\t\t\t\t<\/div>\n\t\t","protected":false},"excerpt":{"rendered":"<p>CONOCE M\u00c1S SOBRE EL CONSEJO NACIONAL PARA EL DESARROLLO ECON\u00d3MICO Y SOCIAL. Es el \u00f3rgano t\u00e9cnico-consultivo sobre los planes y programas econ\u00f3micos y sociales, as\u00ed como toda disposici\u00f3n legislativa o reglamentaria con car\u00e1cter fiscal; puede asimismo proceder en base a una econom\u00eda de mercado, al an\u00e1lisis de los problemas de desarrollo de Guinea Ecuatorial. EmiteLeer m\u00e1s &#8230;<\/p>\n","protected":false},"author":1,"featured_media":0,"parent":0,"menu_order":0,"comment_status":"closed","ping_status":"closed","template":"","meta":{"footnotes":""},"class_list":["post-1530","page","type-page","status-publish","hentry"],"_links":{"self":[{"href":"https:\/\/cndesge.org\/index.php?rest_route=\/wp\/v2\/pages\/1530","targetHints":{"allow":["GET"]}}],"collection":[{"href":"https:\/\/cndesge.org\/index.php?rest_route=\/wp\/v2\/pages"}],"about":[{"href":"https:\/\/cndesge.org\/index.php?rest_route=\/wp\/v2\/types\/page"}],"author":[{"embeddable":true,"href":"https:\/\/cndesge.org\/index.php?rest_route=\/wp\/v2\/users\/1"}],"replies":[{"embeddable":true,"href":"https:\/\/cndesge.org\/index.php?rest_route=%2Fwp%2Fv2%2Fcomments&post=1530"}],"version-history":[{"count":108,"href":"https:\/\/cndesge.org\/index.php?rest_route=\/wp\/v2\/pages\/1530\/revisions"}],"predecessor-version":[{"id":12074,"href":"https:\/\/cndesge.org\/index.php?rest_route=\/wp\/v2\/pages\/1530\/revisions\/12074"}],"wp:attachment":[{"href":"https:\/\/cndesge.org\/index.php?rest_route=%2Fwp%2Fv2%2Fmedia&parent=1530"}],"curies":[{"name":"wp","href":"https:\/\/api.w.org\/{rel}","templated":true}]}}